eatest common factor of h and 54.
27
Suppose 2*w = -2*z, -3*w + 10 + 5 = -2*z. Let r = w + -11. Let c be 18/r*-2*2. Calculate the greatest common factor of c and 99.
9
Suppose -3*o + 4*w - 27 = 0, 10 = -2*o + 2*w - 6. Let c(f) = -f**3 - 3*f**2 + 5*f + 7. Let v be c(o). Calculate the greatest common divisor of v and 16.
16
Let p = 12 - 0. What is the greatest common divisor of 4 and p?
4
Suppose 42 = 5*s - 3. Calculate the greatest common divisor of 72 and s.
9
Let l be 2*(3/(-6) + 1). Suppose 3*f + 6 = 3*x, -4*f + 3*f - 16 = -3*x. Calculate the greatest common factor of x and l.
1
Suppose -51 = 30*n - 5991. Calculate the highest common divisor of n and 9.
9
Suppose l + 5*r - 4*r - 15 = 0, -3*r = 0. What is the greatest common factor of 135 and l?
15
Let m(n) = 4*n**2 + 7*n - 3. Let w = 3 - -2. Let l be m(w). Let t(a) = a + 12. Let o be t(0). Calculate the greatest common factor of l and o.
12
Suppose 3*p = -x - x - 3, 2*p + 22 = 2*x. Let z = x - 2. Suppose -3 + 7 = l, -z*h + 148 = 4*l. What is the greatest common factor of 11 and h?
11
Let y(n) = 14*n - 7. Let q be y(4). Calculate the highest common divisor of 7 and q.
7
Let g(j) = -4*j - 2*j + 0*j - 2*j. Let c be g(-1). What is the greatest common factor of 12 and c?
4
Let r be (-301)/(-14) - 1/2. Calculate the highest common divisor of 3 and r.
3
Suppose -16 = -a - 3*y, 4*a - 3*y = 8*a - 82. Calculate the highest common divisor of 33 and a.
11
Let z be (2 - 12)*(-1)/(-2). Let h be ((-126)/(-15))/(-1)*z. What is the greatest common divisor of h and 6?
6
Let g(p) = -12*p + p + p**2 + 6 + 2*p + 0*p**2. Let a be g(9). Suppose -2*z + 5*z = 12. What is the highest common factor of a and z?
2
Let r be 244/20 + 4/(-20). Suppose -5*u + 48 = -u. What is the greatest common divisor of r and u?
12
Let m(c) = 6*c - 6. Let x be m(6). Suppose 0 = 4*s + i - x, 4*i - 34 = -4*s + i. Let v = 169 + -92. Calculate the highest common divisor of v and s.
7
Let g(s) = -1 + 7 + 13*s - 2. Let x be g(4). Calculate the greatest common divisor of 8 and x.
8
Let j(w) = w**3 + 6*w**2 + 3*w + 3. Suppose 25 = -2*l - 3*l. Let k be j(l). Calculate the highest common factor of 91 and k.
13
Suppose -6 = 2*x - 96. What is the highest common divisor of 9 and x?
9
Let p(a) = -35*a**3 + 2*a**2 - 2*a - 3. Let n be p(-1). Calculate the highest common factor of n and 4.
4
Let o = 38 - 24. Let k(r) = -r - 1. Let v(u) = 6*u + 1. Let l(t) = 2*k(t) + v(t). Let j be l(2). What is the greatest common divisor of j and o?
7
Let l = -5 - -25. Calculate the greatest common divisor of l and 50.
10
Suppose t = -9*t + 10. Let m(b) = b + 4. Let q be m(-3). What is the highest common divisor of t and q?
1
Suppose -w + 2 = -3*w. Let q be w + 1 + -1 - -25. Let l = 57 - 49. What is the highest common factor of q and l?
8
Suppose -37*u + 31*u + 24 = 0. What is the highest common factor of u and 14?
2
Let y be ((-2)/5 + 1)*5. Suppose y*b + 147 = 3*z, -z + 3*b + b = -64. Calculate the highest common factor of z and 4.
4
Let z = 123 + -73. Suppose -2*b - 3*b + z = 0. What is the highest common factor of 80 and b?
10
Suppose 0 = 5*c + 4*h + 386, 3*c - h + 230 = -3*h. Let k be (-24)/(-2)*(-15)/(-20). Let v be 8/(-36) - c/k. Calculate the highest common divisor of 72 and v.
8
Suppose -5 = a, 2*f - 22 - 4 = -2*a. What is the highest common divisor of 2 and f?
2
Suppose 1 = v - 1. Calculate the greatest common divisor of 4 and v.
2
Let n be (-24)/10*135/(-2). Calculate the highest common divisor of n and 18.
18
Let h(q) = 4*q**3 + q**2 + 2*q + 3. Suppose 2*i - 12 = -6. Let k be h(i). What is the greatest common factor of k and 14?
14
Suppose 0 = -2*i - 3*h - 24, 3*i + i + 3*h = -36. Let q be (-14)/(1/i*3). What is the greatest common divisor of q and 7?
7
Let w = -19 - -20. Calculate the greatest common factor of w and 8.
1
Suppose 1343 = 4*b + 355. What is the greatest common factor of b and 13?
13
Let u be -2 + 122 + -4 + -1. Calculate the greatest common divisor of 23 and u.
23
Suppose -5*v + 14 = -56. Suppose -3*r + v = -19. Calculate the highest common factor of r and 22.
11
Suppose 0 = o - 0*o - 4*y + 5, 2*y + 2 = 2*o. Suppose o*v - 185 - 112 = 0. Calculate the highest common divisor of 11 and v.
11
Let r be 8/(-2) - (7 - 19). What is the greatest common factor of 8 and r?
8
Let u = -2 - -19. Let o(b) = -14*b + 4. Let y be o(-4). Let j = y + -43. Calculate the greatest common divisor of u and j.
17
Let f = 1 - -2. Suppose -n + 16 = 3*m, -f*n - m = 2*n - 52. What is the highest common divisor of 90 and n?
10
Suppose -5*m - 80 = -405. Calculate the greatest common factor of 13 and m.
13
Let b be 10/(-15) + (-23)/(-3). Let h(g) = -76*g**3 - g. Let p be h(-1). Calculate the greatest common divisor of b and p.
7
Let z(j) = -j**2 - 9*j + 2. Let m be z(-6). Let n = 20 - 0. Calculate the highest common factor of m and n.
20
Let u be 4 + (-2 - -1) + 29. Let i = u + -23. Let g be 39/i*(12 - -3). What is the highest common divisor of 13 and g?
13
Let r(i) = -2*i - 8. Let y be r(-11). Calculate the greatest common factor of y and 28.
14
Let o = -38 + 54. Suppose 0*d - 3*d = -24. Calculate the highest common divisor of o and d.
8
Let p(u) = 142*u**2 - 2*u - 1. Let d(i) = i**2 + 3*i + 1. Let l be d(-2). Let j be p(l). Calculate the greatest common factor of 13 and j.
13
Suppose -4*i = i + 5*z - 5, 0 = -3*i + z - 1. Suppose -s = -i*s - 40. What is the greatest common factor of 5 and s?
5
Suppose -3*o + 1 = -2*o. What is the highest common divisor of o and 9?
1
Let m be (-8)/(-3) + 6/(-9). Let s(x) = 3*x**3 + x**2 - 2*x - 1. Let y be s(m). Let h = y - 4. Calculate the highest common divisor of 95 and h.
19
Suppose 0 = 2*s + 5*n - 47, s - 127 = -3*s + n. What is the highest common divisor of s and 341?
31
Let u(c) = -4*c**2 + 10*c - 5. Let p(q) = -3*q**2 + 9*q - 5. Let b(z) = 5*p(z) - 4*u(z). Let w be b(-10). What is the highest common factor of 18 and w?
9
Let a(z) = 2 + 0 + 7*z - 3. Let p be a(1). Let m(f) = f**3 + 24*f**2 + f + 36. Let x be m(-24). Calculate the highest common factor of p and x.
6
Let x be 10*(2 + (-3)/2). Calculate the greatest common divisor of 1 and x.
1
Let k be 1 - (24/(-4) + -1). Suppose 2*m + k = 0, -m = g - 5*g + 40. Calculate the highest common divisor of 99 and g.
9
Suppose -2*m + 10 = 3*m - 3*x, m - x = 0. What is the highest common divisor of 1 and m?
1
Suppose -3*q - 4*r = -19, 0*q + 2*q - 12 = -2*r. Calculate the highest common factor of q and 15.
5
Let f = 65 + -37. What is the greatest common factor of 28 and f?
28
Let n be 165 - (4 - 4 - 0). What is the greatest common factor of n and 15?
15
Let l be -30*(-5)/4*(-42)/(-9). What is the highest common divisor of l and 70?
35
Suppose -5*o + 3 = -37. Suppose 4*m + o = 6*m. Suppose -2*k - m + 18 = 0. What is the greatest common divisor of 42 and k?
7
Suppose 2 = 2*t - 30. Let x be (6/(1 + 2))/1. Suppose -u = -x*z + 16, -16 = -2*z - 0*z + 3*u. Calculate the greatest common factor of z and t.
8
Suppose 3*j - 7 = -x, 5*j + 8 = 3*x + j. Suppose x*l + 32 = 5*l. Calculate the greatest common divisor of l and 8.
8
Let g = 28 + -20. Let f be ((-6)/15)/(2/10). Let a be -40*(f - -4 - 3). Calculate the greatest common divisor of a and g.
8
Let w be -305 + 3/(-3 + 0). Let t = -189 - w. What is the greatest common factor of 13 and t?
13
Suppose 0*y = -y + 4*i, -5*y + 44 = 2*i. Let r = 11 + -7. Let j be (r/6)/((-3)/(-18)). Calculate the greatest common factor of y and j.
4
Let a(f) = -35*f + 2. Let j be a(-1). Calculate the greatest common factor of 37 and j.
37
Let b = 0 + 4. Calculate the highest common factor of b and 32.
4
Suppose 161 - 833 = -12*c. What is the highest common divisor of c and 42?
14
Let w = 3 + 12. Let n = -232 + 405. Let j = n + -98. What is the greatest common factor of w and j?
15
Suppose 2*n + 4*j + 5 = 31, -5*n = -4*j + 5. Calculate the highest common factor of n and 12.
3
Let l = -135 + 136. What is the highest common factor of l and 5?
1
Let u be ((-4)/(-8))/(1/40). Suppose -3*r - 5 = -245. What is the greatest common divisor of r and u?
20
Suppose 14 = 2*l + 2*o, 5 + 0 = 2*l - o. Let f be 577/(-2) - 2/l. Let z = 419 + f. Calculate the greatest common factor of 13 and z.
13
Let k(x) = x**3 + 11*x**2 - 12*x + 23. Let d be k(-12). Calculate the greatest common divisor of d 